{"id":127,"date":"2013-11-22T09:59:17","date_gmt":"2013-11-22T09:59:17","guid":{"rendered":"http:\/\/www.senglarferit.cat.mialias.net\/?page_id=127"},"modified":"2017-12-05T21:23:25","modified_gmt":"2017-12-05T21:23:25","slug":"objectius","status":"publish","type":"page","link":"https:\/\/agroterritori.org\/?page_id=127","title":{"rendered":"Objectius"},"content":{"rendered":"<p style=\"text-align: left;\">La Fundaci\u00f3 Agroterritori persegueix un desenvolupament sostenible aplicat a la base agr\u00e0ria, amb un accent marcadament territorial. L\u2019objectiu general de la Fundaci\u00f3 Agroterritori \u00e9s, doncs, la preservaci\u00f3, desenvolupament i gesti\u00f3 dels espais agraris, especialment els periurbans.<\/p>\n<p style=\"text-align: left;\">La seva actuaci\u00f3 \u00e9s fonamenta en els seg\u00fcents principis:<\/p>\n<p style=\"text-align: left;\">1.- Que \u201c<strong>no hi ha espai agrari sense pagesos i pageses<\/strong>\u201d, i per aix\u00f2 la AGROTERRITORI \u00e9s preocupada pel territori agrari periurb\u00e0 i per la continu\u00eftat del sector agrari.<\/p>\n<p style=\"text-align: left;\">2.- Que \u201c<strong>el territori, el paisatge i la cultura agr\u00e0ria periurbana presenten especificitats<\/strong>\u201d, i per aix\u00f2 la AGROTERRITORI contribueix al coneixement cr\u00edtic de les iniciatives capaces d\u2019impulsar transformacions que facin possible l\u2019estabilitat territorial periurbana i la continu\u00eftat de l\u2019activitat agr\u00e0ria.<\/p>\n<p style=\"text-align: left;\">3.- Que \u201c<strong>la preservaci\u00f3, el desenvolupament i la gesti\u00f3 dels espais periurbans no \u00e9s cosa que correspon \u00fanicament al sector agrari, sin\u00f3 a la societat en el seu conjunt<\/strong>\u201d, i per aix\u00f2 la AGROTERRITORI \u00e9s una fundaci\u00f3 oberta a la societat a partir de l\u2019estudi, la reflexi\u00f3, la recerca i la difusi\u00f3 de qualsevol tem\u00e0tica relacionada amb el territori periurb\u00e0 i l\u2019activitat agr\u00e0ria que en ell s\u2019hi desenvolupa.<\/p>\n<p><img decoding=\"async\" src=\"data:image\/png;base64,iVBORw0KGgoAAAANSUhEUgAAA9cAAAADCAIAAAAWUmvaAAAAM0lEQVRoge3WMQ0AIBAAMfybwgFO0HAMePipSUV0VeduAABgQFUtCwcAgDEWDgAA0\/7CH6EJjaJI0y64AAAAAElFTkSuQmCC\" alt=\"\" \/><\/p>\n","protected":false},"excerpt":{"rendered":"<p>La Fundaci\u00f3 Agroterritori persegueix un desenvolupament sostenible aplicat a la base agr\u00e0ria, amb un accent marcadament territorial. L\u2019objectiu general de la Fundaci\u00f3 Agroterritori \u00e9s, doncs, la preservaci\u00f3, desenvolupament i gesti\u00f3 dels espais agraris, especialment els periurbans. La seva actuaci\u00f3 \u00e9s fonamenta en els seg\u00fcents principis: 1.- Que \u201cno hi ha espai agrari sense pagesos i [&hellip;]<\/p>\n","protected":false},"author":1,"featured_media":0,"parent":125,"menu_order":4,"comment_status":"closed","ping_status":"open","template":"","meta":{"footnotes":""},"class_list":["post-127","page","type-page","status-publish","hentry","odd"],"_links":{"self":[{"href":"https:\/\/agroterritori.org\/index.php?rest_route=\/wp\/v2\/pages\/127","targetHints":{"allow":["GET"]}}],"collection":[{"href":"https:\/\/agroterritori.org\/index.php?rest_route=\/wp\/v2\/pages"}],"about":[{"href":"https:\/\/agroterritori.org\/index.php?rest_route=\/wp\/v2\/types\/page"}],"author":[{"embeddable":true,"href":"https:\/\/agroterritori.org\/index.php?rest_route=\/wp\/v2\/users\/1"}],"replies":[{"embeddable":true,"href":"https:\/\/agroterritori.org\/index.php?rest_route=%2Fwp%2Fv2%2Fcomments&post=127"}],"version-history":[{"count":17,"href":"https:\/\/agroterritori.org\/index.php?rest_route=\/wp\/v2\/pages\/127\/revisions"}],"predecessor-version":[{"id":3312,"href":"https:\/\/agroterritori.org\/index.php?rest_route=\/wp\/v2\/pages\/127\/revisions\/3312"}],"up":[{"embeddable":true,"href":"https:\/\/agroterritori.org\/index.php?rest_route=\/wp\/v2\/pages\/125"}],"wp:attachment":[{"href":"https:\/\/agroterritori.org\/index.php?rest_route=%2Fwp%2Fv2%2Fmedia&parent=127"}],"curies":[{"name":"wp","href":"https:\/\/api.w.org\/{rel}","templated":true}]}}